emainder when 367 is divided by w.
26
Suppose -3478 = -17*d + 54*d. Calculate the remainder when 1/(0 + -1) - -18 is divided by 156/38 - d/(-893).
1
Suppose 0*k = -39*k - 78. Calculate the remainder when (-5)/(k/(-1)*(-3)/114) is divided by 16.
15
Let w(l) = l**3 + 4*l**2 - 14*l - 10. Let f be w(-6). Suppose f*x - 47 = -7. What is the remainder when 30 is divided by x?
10
Let r = -38 - -40. What is the remainder when 32 is divided by 41/41*r/((-4)/(-18))?
5
Let a be (-99)/63 + 3/(-7) - -453. Let q = 517 - a. Calculate the remainder when 659 is divided by q.
65
Suppose -a - 89 = -5*v, v + 4*a + 86 = 6*v. Suppose -27*n + v*n = -1179. What is the remainder when n is divided by 27?
23
Suppose 3*x + 2*q - 3*q - 509 = 0, 2*q = x - 178. What is the remainder when 82 is divided by (6/(-9))/((-14)/x)?
2
Calculate the remainder when (164/16)/((-175)/(-540) + 2/(-27)) is divided by ((-2)/3)/((-8)/48).
1
Let m(x) = x**2 + 66*x - 321. Calculate the remainder when 218 is divided by m(5).
14
Let a be (-4)/24 - 0 - (-6)/36. Suppose -20*d + 1187 + 493 = a. What is the remainder when 144 is divided by d?
60
Let n(b) = 25*b - 786. What is the remainder when 3417 is divided by n(36)?
111
Let t = 117 - 107. Suppose -2*w - 6*j + t*j = -94, -4*j + 128 = 4*w. Calculate the remainder when 145 is divided by w.
34
Let o = -6427 + 11705. What is the remainder when o is divided by 120?
118
Let l = -299 + 307. Calculate the remainder when 125 is divided by l.
5
Let s(i) = -39*i - 55 + 77*i - 34*i. Let a be s(20). What is the remainder when 152 is divided by (-5)/a*2*-35?
12
Let u(i) = 3*i**3 - 34*i**2 + 20*i - 35. What is the remainder when u(11) is divided by 13?
12
Suppose -26*k - 130*k = -113473 + 7861. What is the remainder when k is divided by 225?
2
Let o = -7 - -31. Suppose 30*h - 1531 = 299. Calculate the remainder when h is divided by o.
13
Suppose 10212 = 47*g - 4499. What is the remainder when g is divided by 45?
43
Suppose -103*q + 7481 = -19*q - 30067. Calculate the remainder when 1433 is divided by q.
92
Suppose -2*i + 16 = -0. Let k(g) = 13*g - 17. Let d be k(i). Suppose -m + 2*m - d = 0. Calculate the remainder when m is divided by 22.
21
Suppose -u - 3*c = -5*c - 14, -3*c - 7 = 2*u. Suppose u*f + 157 + 8931 = 0. What is the remainder when f/(-48)*6/(-4)*-1 is divided by 18?
17
Suppose -2*t = -2*g - 50404, 13 - 29 = -4*g. Calculate the remainder when t is divided by 184.
182
Let p(f) = f**3 - 9*f**2 + 17*f - 240. Calculate the remainder when 3146 is divided by p(10).
26
Let l(m) = -2*m**2 + 29*m - 30. Let q(i) = 11*i + 210. Let c be q(-18). What is the remainder when 65 is divided by l(c)?
5
Calculate the remainder when 79 is divided by 2300/90 + -26 - (-454)/9.
29
Let p(d) be the second derivative of d**5/10 - 5*d**4/12 + d**3/6 - 6*d**2 + d - 35. Suppose 0 = -2*c - c + 33. What is the remainder when p(4) is divided by c?
7
Let m be (-1 - -2)/(4/480). Suppose 0*r + m = 10*r. What is the remainder when 143 is divided by r?
11
Let h = -86 + 122. What is the remainder when 65 is divided by h/(-45) - (-358)/10?
30
Suppose -7*y = 7*y - 546. Suppose -69 = -4*x + 5*z - 0, -2*x + z + y = 0. What is the remainder when 40 is divided by x?
19
Suppose -4*r + 12 = 0, -2*q + 4*r - 22 + 112 = 0. Let y(u) = -u**3 + u + 3. Suppose -4*m = 8 + 4. Calculate the remainder when q is divided by y(m).
24
Let w(z) = -12*z**2 + 290*z - 3. Calculate the remainder when w(8) is divided by 141.
139
Let w = -36 + 121. Suppose 14*u - 53 = 199. Suppose -u = -4*n + 70. Calculate the remainder when w is divided by n.
19
Suppose j = -28*j + 7*j + 946. Suppose 4*d + 0*d - 512 = 0. What is the remainder when d is divided by j?
42
Suppose 187 + 5 = 3*c. Suppose 2*d - 4*q - 58 = 0, -d - 9*q + c = -4*q. What is the remainder when d is divided by 28?
11
Let h = 221 - 216. Suppose 0 = 4*f - 3*j - 38, -6*j = f - h*j - 13. What is the remainder when f is divided by 9?
2
Let j(u) = u**3 - 13*u**2 + 21*u + 14. Suppose 0 = 4*q, 3*q = 5*a + 4*q - 55. Calculate the remainder when j(a) is divided by ((-32)/(-80))/(8/(-5) - -2).
0
Suppose 77578 - 1411 + 118017 = 124*j. What is the remainder when j is divided by 312?
6
Suppose -30 = 10*u - 10. Let h be (3 + u)/(3/(-51)*-1). Suppose h = 4*o - 4*d - 27, -4*d = -20. Calculate the remainder when o is divided by 3.
1
Suppose -4*u - 4 = 2*x, 10*x = -5*u + 5*x - 10. Suppose -35*t + 28*t + 1666 = u. What is the remainder when t is divided by 24?
22
Suppose 24*u = 19*u - 100. Calculate the remainder when 8/u*((-4170)/6)/1 is divided by 28.
26
Let f = 240 - 574. Let c = f - -571. What is the remainder when c is divided by 14?
13
Suppose -52*r - 14*r = 73*r - 2780. Calculate the remainder when 76 is divided by r.
16
Calculate the remainder when (-20)/(5 - (-27835)/(-5548)) is divided by 287.
20
Suppose -8*r + 24 + 168 = 0. What is the remainder when 13221 is divided by r?
21
Suppose 3*o - 1743 = -5*b, 20*o = 25*o - 2*b - 2905. What is the remainder when o is divided by 23?
6
Calculate the remainder when (7 - (-2022)/(-6) - 4)/(-2) is divided by 9.
5
Suppose 5*p = 3*p + 60. Let h = -9167 - -9315. What is the remainder when h is divided by p?
28
Suppose -3*r + 25 = -2*r. Let i = r - 21. Calculate the remainder when i*9/2 - (-3 + 0) is divided by 5.
1
Let x = 79 + -283. Let q = 129 - x. What is the remainder when q is divided by 67?
65
Suppose 42*z - 79 - 89 = 0. What is the remainder when 266 is divided by z?
2
Let l = 18599 + -7710. What is the remainder when l is divided by 198?
197
Let z(i) = -i**3 + i**2 + 10*i - 16. Let n be z(3). Calculate the remainder when 86 is divided by n - 4*(-15)/12.
0
Let i(n) = 29*n**2 + 1058*n + 89. Calculate the remainder when i(-37) is divided by 139.
88
Let l = 362 + -295. Let q(a) = -a**2 - 39*a + 31. What is the remainder when q(-23) is divided by l?
64
Let c(k) = k**3 - 3*k**2 - 2. Calculate the remainder when 208/156 + (-2)/((-6)/1589) is divided by c(4).
13
Let k(z) = 44*z + 15. Let o be k(30). Suppose 0 = -17*a - 451 + o. Calculate the remainder when 148 is divided by a.
44
Suppose 3*u + 11 = -2*m, -5*u = m + 8 + 1. What is the remainder when 62 is divided by (17 + 6)/((1 + -2)/u)?
16
Let c = 0 + 3. Suppose -2 = -2*i + 2. Suppose -v = 2, -3*l - 4*v + 17 = -i. What is the remainder when l is divided by c?
0
Calculate the remainder when (-5240)/(-12) + 44/33 is divided by 146.
0
Suppose -j - 2*w + 174 = 0, 0 = 278*j - 280*j - 2*w + 340. What is the remainder when 494 is divided by j?
162
Let t be ((-323)/(-4))/(18/(-144)). Let k = 814 + t. Calculate the remainder when k is divided by 63.
42
Suppose -114 = -3*y + 90. Suppose 0 = a + 4*h + 8, -5*a + y = -h + 24. Calculate the remainder when -4*(-6)/16*-6 + 192390/6413 is divided by a.
5
Let d(q) = 10*q**2 + 2*q + 2. Let v be d(-1). Suppose 4*u + 390 = v*u. Suppose -1 = i, -4*j + i + 44 = -25. Calculate the remainder when u is divided by j.
14
Suppose -4348 = -4*o + 2*k, 830*o + 4*k = 828*o + 2134. What is the remainder when o is divided by 35?
33
Let s = 32125 - 32112. Let b be 3*(0 + (-8)/(-6)). Let o(q) = 6*q**2 - 5*q. Calculate the remainder when o(b) is divided by s.
11
Suppose 997 = c - 5*b, 7*b = 5*c + 11*b - 4956. What is the remainder when c is divided by 71?
69
Suppose 4*d + 9500 = 27888. What is the remainder when d is divided by 73?
71
Let k be (1/(7/(-6)))/((-5)/(-35)). Let b be (-4)/16*k*18. Let s = -22 + b. What is the remainder when 12 is divided by s?
2
Suppose -4*g + d + 19 = 0, 3*g - 3 = -2*d + 3. Suppose 0 = 3*j - 2*y - 32, j - 4 = -j - 3*y. Let p = 29 - j. Calculate the remainder when p is divided by g.
1
What is the remainder when 2599 is divided by (-870 - -911) + (1 - -1) + 9?
51
Let t(s) = -4*s**2 + 3*s + 3. Let y be t(-1). Calculate the remainder when 60 is divided by (0 - (y - (-2)/5))*5.
6
Suppose -3*u = -1326 + 1107. What is the remainder when 1425 is divided by u?
38
Suppose 5*n - 8*n = -780. Suppose 0 = 19*i - 14*i - n. Calculate the remainder when 240 is divided by i.
32
Suppose 7*n = -7 + 28. Suppose 0 = n*k + 3*v - 423, 6*k + 4*v - 707 = k. Calculate the remainder when k is divided by 37.
32
Suppose -h - u + 10 = 0, -2*h + u + 123 = 118. Let g(o) = o**3 - 3*o**2 - 6*o + 1. Calculate the remainder when g(6) is divided by h.
3
Suppose -36*w - 68*w 